{"id":19,"date":"2025-03-15T08:31:06","date_gmt":"2025-03-15T08:31:06","guid":{"rendered":"https:\/\/ddkl.digintu.ch\/?page_id=19"},"modified":"2025-03-15T08:31:06","modified_gmt":"2025-03-15T08:31:06","slug":"kontakt","status":"publish","type":"page","link":"https:\/\/ddkl.digintu.ch\/?page_id=19","title":{"rendered":"Kontakt"},"content":{"rendered":"<p>Adresa pro doru\u010dov\u00e1n\u00ed dokument\u016f:<\/p>\n<p>D\u011btsk\u00fd domov a \u0160koln\u00ed j\u00eddelna, p.o.<br \/>\nDittrichova\u00a0 12<br \/>\n407 46 Kr\u00e1sn\u00e1 L\u00edpa<\/p>\n<p>z\u00e1stupkyn\u011b \u0159editelky ,soci\u00e1ln\u00ed pracovnice Monika Dolej\u0161\u00ed \u2013 733 752 616<\/p>\n<p>pevn\u00e1 linka: +420 412 383 275 \/ od 7-15h\/<\/p>\n<p>\u0159editelka PhDr.Mgr.Sofie Wernerov\u00e1 Dimitrovov\u00e1 \u2013 602 622 712<\/p>\n<p>detskydomov@krlipa.cz<\/p>\n<p><strong>Kontakty na rodinn\u00e9 skupiny:<\/strong><\/p>\n<p>1.rod.skupina\u00a0 \u00a0 \u00a0776 615 495<\/p>\n<p>2.rod.skupina\u00a0 \u00a0 \u00a0776 615 213<\/p>\n<p>3.rod.skupina\u00a0 \u00a0 \u00a0736 776 357<\/p>\n<p>\u00fa\u0159edn\u00ed hodiny podatelny: od 7h do 15h<\/p>\n<p>ID datov\u00e9 schr\u00e1nky: 6vut3xe<\/p>\n<p>www.ddkl.cz<\/p>\n<p>mapa ZDE<\/p>\n<p class=\"wpss_copy\">Content retrieved from: <a href=\"https:\/\/ddkl.cz\/kontakt\/\" target=\"_blank\">https:\/\/ddkl.cz\/kontakt\/<\/a>.<\/p>\n","protected":false},"excerpt":{"rendered":"<p>Adresa pro doru\u010dov\u00e1n\u00ed dokument\u016f: D\u011btsk\u00fd domov a \u0160koln\u00ed j\u00eddelna, p.o. Dittrichova\u00a0 12 407 46 Kr\u00e1sn\u00e1 L\u00edpa z\u00e1stupkyn\u011b \u0159editelky ,soci\u00e1ln\u00ed pracovnice Monika Dolej\u0161\u00ed \u2013 733 752 616 pevn\u00e1 linka: +420 412 383 275 \/ od 7-15h\/ \u0159editelka PhDr.Mgr.Sofie Wernerov\u00e1 Dimitrovov\u00e1 \u2013 602 622 712 detskydomov@krlipa.cz Kontakty na rodinn\u00e9 skupiny: 1.rod.skupina\u00a0 \u00a0 \u00a0776 615 495 2.rod.skupina\u00a0 \u00a0 [&#8230;]<\/p>\n","protected":false},"author":1,"featured_media":0,"parent":0,"menu_order":0,"comment_status":"closed","ping_status":"closed","template":"","meta":{"footnotes":""},"class_list":["post-19","page","type-page","status-publish","hentry"],"_links":{"self":[{"href":"https:\/\/ddkl.digintu.ch\/index.php?rest_route=\/wp\/v2\/pages\/19","targetHints":{"allow":["GET"]}}],"collection":[{"href":"https:\/\/ddkl.digintu.ch\/index.php?rest_route=\/wp\/v2\/pages"}],"about":[{"href":"https:\/\/ddkl.digintu.ch\/index.php?rest_route=\/wp\/v2\/types\/page"}],"author":[{"embeddable":true,"href":"https:\/\/ddkl.digintu.ch\/index.php?rest_route=\/wp\/v2\/users\/1"}],"replies":[{"embeddable":true,"href":"https:\/\/ddkl.digintu.ch\/index.php?rest_route=%2Fwp%2Fv2%2Fcomments&post=19"}],"version-history":[{"count":1,"href":"https:\/\/ddkl.digintu.ch\/index.php?rest_route=\/wp\/v2\/pages\/19\/revisions"}],"predecessor-version":[{"id":20,"href":"https:\/\/ddkl.digintu.ch\/index.php?rest_route=\/wp\/v2\/pages\/19\/revisions\/20"}],"wp:attachment":[{"href":"https:\/\/ddkl.digintu.ch\/index.php?rest_route=%2Fwp%2Fv2%2Fmedia&parent=19"}],"curies":[{"name":"wp","href":"https:\/\/api.w.org\/{rel}","templated":true}]}}