{"id":21,"date":"2025-03-15T08:33:40","date_gmt":"2025-03-15T08:33:40","guid":{"rendered":"https:\/\/ddkl.digintu.ch\/?page_id=21"},"modified":"2025-03-15T08:34:13","modified_gmt":"2025-03-15T08:34:13","slug":"sponzori","status":"publish","type":"page","link":"https:\/\/ddkl.digintu.ch\/?page_id=21","title":{"rendered":"Sponzo\u0159i"},"content":{"rendered":"<ul>\n<li>Nadace Terezy Maxov\u00e9 d\u011btem<\/li>\n<li>CHOS s.r.o. T\u0159ebo\u0148<\/li>\n<li>\u0158\u00edzen\u00ed letov\u00e9ho provozu s.p., pan Miroslav Jindra, Jene\u010d<\/li>\n<li>Nadace Pra\u017esk\u00e9 d\u011bti<\/li>\n<li>Nadace Srdce na Dlani<\/li>\n<li>V\u00e1\u017een\u00fd pan ing. Pavel \u0160kv\u00e1ra a Alice \u0160kv\u00e1rov\u00e1, Praha 5<\/li>\n<li>V\u00e1\u017een\u00fd pan Mgr. Bc. Petr Barcal \u0160luknov<\/li>\n<li>stavby Jo\u017e\u00e1k s.r.o.\u00a0 D\u011b\u010d\u00edn<\/li>\n<li>Nadace Agrofert<\/li>\n<li>Creative sollutions<\/li>\n<li>Tango \u2013 Daruj hra\u010dku<\/li>\n<li>Online 4U<\/li>\n<li>Nada\u010dn\u00ed fond Veroniky Ka\u0161\u00e1kov\u00e9<\/li>\n<li>ING bank fond<\/li>\n<li>MM reality D\u011b\u010d\u00edn<\/li>\n<li>basketbalisti D\u011b\u010d\u00edn<\/li>\n<li>Sbor dobrovoln\u00fdch hasi\u010d\u016f D\u011b\u010d\u00edn<\/li>\n<li>Chance 4 children<\/li>\n<li>Nadace \u010cesk\u00e9 spo\u0159itelny<\/li>\n<li>Aumakua\u00a0 Praha<\/li>\n<li>Dejme d\u011btem \u0161anci<\/li>\n<li>Mat\u011bj Rychl\u00fd Praha<\/li>\n<li>v\u00e1\u017een\u00fd pan Tom\u00e1\u0161 Slavata<\/li>\n<li>L\u00edpa resort Kr\u00e1sn\u00e1 L\u00edpa<\/li>\n<li>M\u011bsto Kr\u00e1sn\u00e1 L\u00edpa<\/li>\n<li>D\u0159evocentrum CZ, Praha 2<\/li>\n<\/ul>\n<div><img decoding=\"async\" src=\"https:\/\/ddkl.digintu.ch\/wp-content\/uploads\/2025\/03\/nadace_agrofert_logo-3-300x165-1.jpg\" alt=\"nadace_agrofert_logo\" \/><\/div>\n<div>\u00a0<img decoding=\"async\" src=\"https:\/\/ddkl.digintu.ch\/wp-content\/uploads\/2025\/03\/Nadace-Terezy-Maxove-detem.png\" alt=\"Nadace-Terezy-Maxove-detem\" \/><\/div>\n<div><img decoding=\"async\" src=\"https:\/\/ddkl.digintu.ch\/wp-content\/uploads\/2025\/03\/Msquare_Jpeg_1-300x110-300x110-1.jpg\" alt=\"Msquare_Jpeg_1-300x110\" \/><\/div>\n<div>\n<img decoding=\"async\" src=\"https:\/\/ddkl.digintu.ch\/wp-content\/uploads\/2025\/03\/logo.png\" alt=\"\" \/>\n<\/div>\n<div><img decoding=\"async\" src=\"https:\/\/ddkl.digintu.ch\/wp-content\/uploads\/2025\/03\/logo-2000-1000-1024x512-1.png\" alt=\"\" \/><\/div>\n<div><img decoding=\"async\" src=\"https:\/\/ddkl.digintu.ch\/wp-content\/uploads\/2025\/03\/BeCreative_logo.png\" alt=\"\" \/><\/div>\n<div><img decoding=\"async\" src=\"https:\/\/ddkl.digintu.ch\/wp-content\/uploads\/2025\/03\/Logo-DDS_horizontalni.jpg\" alt=\"\" \/><\/div>\n<div><img decoding=\"async\" src=\"https:\/\/ddkl.digintu.ch\/wp-content\/uploads\/2025\/03\/logo-hasici.jpg\" alt=\"\" \/><\/div>\n<div><img decoding=\"async\" src=\"https:\/\/ddkl.digintu.ch\/wp-content\/uploads\/2025\/03\/logo-6.png\" alt=\"UJEP | Univerzita J. E. Purkyn\u011b\" \/><\/div>\n<div><img decoding=\"async\" src=\"https:\/\/ddkl.digintu.ch\/wp-content\/uploads\/2025\/03\/logotyp_modre-2020.png\" alt=\"\" \/><\/div>\n<div><img decoding=\"async\" src=\"https:\/\/ddkl.digintu.ch\/wp-content\/uploads\/2025\/03\/cropped-C4C_LOGO_retina.png\" alt=\"Chance4Children\" \/><\/div>\n<div><img decoding=\"async\" src=\"https:\/\/ddkl.digintu.ch\/wp-content\/uploads\/2025\/03\/RLP-logo-CZ-scaled.jpg\" alt=\"\" \/><\/div>\n<div><img decoding=\"async\" src=\"https:\/\/ddkl.digintu.ch\/wp-content\/uploads\/2025\/03\/Facebook-702x1024-1.jpg\" alt=\"\" \/><\/div>\n<div><img decoding=\"async\" src=\"https:\/\/ddkl.digintu.ch\/wp-content\/uploads\/2025\/03\/gls.png\" alt=\"\" \/><\/div>\n<div><img decoding=\"async\" src=\"https:\/\/ddkl.digintu.ch\/wp-content\/uploads\/2025\/03\/stazeny-soubor-1.png\" alt=\"\" \/><\/div>\n<div><img decoding=\"async\" src=\"https:\/\/ddkl.digintu.ch\/wp-content\/uploads\/2025\/03\/Evromat_logotyp_slogan_plnobarevny_pozitivni.jpg\" alt=\"\" \/><\/div>\n<div><img decoding=\"async\" src=\"https:\/\/ddkl.digintu.ch\/wp-content\/uploads\/2025\/03\/Drevocentrum-Logo-ZelenoOranzove-Claim-1024x363-1.jpg\" alt=\"\" \/><\/div>\n<div><img decoding=\"async\" src=\"https:\/\/ddkl.digintu.ch\/wp-content\/uploads\/2025\/03\/196x196pxl-ACER-logo-FB-profilova-foto1-1-1024x1024-1.png\" alt=\"\" \/><\/div>\n<p><\/p>\n<p class=\"wpss_copy\">Content retrieved from: <a href=\"https:\/\/ddkl.cz\/sponzori\/\" target=\"_blank\">https:\/\/ddkl.cz\/sponzori\/<\/a>.<\/p>\n","protected":false},"excerpt":{"rendered":"<p>Nadace Terezy Maxov\u00e9 d\u011btem CHOS s.r.o. T\u0159ebo\u0148 \u0158\u00edzen\u00ed letov\u00e9ho provozu s.p., pan Miroslav Jindra, Jene\u010d Nadace Pra\u017esk\u00e9 d\u011bti Nadace Srdce na Dlani V\u00e1\u017een\u00fd pan ing. Pavel \u0160kv\u00e1ra a Alice \u0160kv\u00e1rov\u00e1, Praha 5 V\u00e1\u017een\u00fd pan Mgr. Bc. Petr Barcal \u0160luknov stavby Jo\u017e\u00e1k s.r.o.\u00a0 D\u011b\u010d\u00edn Nadace Agrofert Creative sollutions Tango \u2013 Daruj hra\u010dku Online 4U Nada\u010dn\u00ed fond [&#8230;]<\/p>\n","protected":false},"author":1,"featured_media":0,"parent":0,"menu_order":0,"comment_status":"closed","ping_status":"closed","template":"","meta":{"footnotes":""},"class_list":["post-21","page","type-page","status-publish","hentry"],"_links":{"self":[{"href":"https:\/\/ddkl.digintu.ch\/index.php?rest_route=\/wp\/v2\/pages\/21","targetHints":{"allow":["GET"]}}],"collection":[{"href":"https:\/\/ddkl.digintu.ch\/index.php?rest_route=\/wp\/v2\/pages"}],"about":[{"href":"https:\/\/ddkl.digintu.ch\/index.php?rest_route=\/wp\/v2\/types\/page"}],"author":[{"embeddable":true,"href":"https:\/\/ddkl.digintu.ch\/index.php?rest_route=\/wp\/v2\/users\/1"}],"replies":[{"embeddable":true,"href":"https:\/\/ddkl.digintu.ch\/index.php?rest_route=%2Fwp%2Fv2%2Fcomments&post=21"}],"version-history":[{"count":1,"href":"https:\/\/ddkl.digintu.ch\/index.php?rest_route=\/wp\/v2\/pages\/21\/revisions"}],"predecessor-version":[{"id":193,"href":"https:\/\/ddkl.digintu.ch\/index.php?rest_route=\/wp\/v2\/pages\/21\/revisions\/193"}],"wp:attachment":[{"href":"https:\/\/ddkl.digintu.ch\/index.php?rest_route=%2Fwp%2Fv2%2Fmedia&parent=21"}],"curies":[{"name":"wp","href":"https:\/\/api.w.org\/{rel}","templated":true}]}}